 is divided by 4?
3
Suppose -4*x - 3*v = -55 + 20, 0 = -4*x - 2*v + 34. Suppose -6*i + 238 = -x. Suppose -24 = -5*r + i. Calculate the remainder when r is divided by 8.
5
Let g = 549 + -544. Suppose -3*i + 4 = -5*k - 18, -i = g*k - 34. Calculate the remainder when 39 is divided by i.
11
Suppose 2*g + 23 = 2*l + g, 5*l - g - 65 = 0. Suppose -551 = -5*d - 4*i, -2*d + 2508 = 4*i + 2290. What is the remainder when d is divided by l?
13
What is the remainder when 33 is divided by (-110)/(-5) - 5 - -5?
11
Suppose 0 = 4*m + v - 4, -6*m - v = -m - 6. Suppose -3*i - 2*k = -196, -m*i + 79 = 5*k - 37. Calculate the remainder when 134 is divided by i.
66
What is the remainder when (14 - 12)*(-5 + 6843/6) is divided by 1131?
9
Suppose -4*w = -4*q - 21556, -16165 = -2*w - w + 4*q. Calculate the remainder when w is divided by 142.
137
Let b be ((-2)/10)/((-3)/885). Suppose -5*c + b - 9 = 5*q, -3*c + 9 = 0. What is the remainder when (-1 - 0)/((-1)/40) is divided by q?
5
Let y(x) = x**3 + 59*x**2 - 188*x - 120. What is the remainder when 1371 is divided by y(-62)?
3
Suppose 3 = -3*a - 23*n + 22*n, -5*a - 5*n = -5. Calculate the remainder when 72/a*(-44)/11 is divided by 22.
12
Let g = 11244 + -11220. Calculate the remainder when 1387 is divided by g.
19
Let n(q) = q**3 + 8*q**2 + q + 4. Let i(p) = -2*p**2 - 3*p - 8. Let v be i(4). Let b = 68 + v. What is the remainder when n(-7) is divided by b?
14
Let s(f) = -f**3 + 19*f**2 + 8*f - 28. What is the remainder when 1023 is divided by s(6)?
47
Suppose 68*d - 38127 - 102429 = 0. Calculate the remainder when d is divided by 2065.
2
Suppose 3340 = 2*n - 2*m, 5*n - 4*m - 13216 = -4874. What is the remainder when n is divided by 509?
135
Let i = -9900 - -9960. Calculate the remainder when 665 is divided by i.
5
Let r(a) = 3238 + a**2 - 14*a - 3163 + 0*a**2. Calculate the remainder when r(15) is divided by 25.
15
What is the remainder when (-10)/(-120)*0 - -241 is divided by 39?
7
Let t(b) = 3*b**2 - 13*b + 250. Calculate the remainder when t(17) is divided by 3.
2
Suppose -259*d + 72324 = 28*d. What is the remainder when 585 is divided by d?
81
Let w(b) = b**2 + 21*b - 2086. Calculate the remainder when 125 is divided by w(37).
5
Suppose 2*f - 211 = 249. Calculate the remainder when f is divided by ((-33)/(-2))/(((-4)/8)/(-1)).
32
Suppose 0 = -y + 4*l + 544 + 589, -5 = -5*l. What is the remainder when y is divided by 23?
10
Suppose 24*n - 5258 - 2579 = -2605. Calculate the remainder when 627 is divided by n.
191
Let w(q) = -q**3 + 13*q**2 + 74*q - 786. Calculate the remainder when 308 is divided by w(14).
38
Let x = 193 - 184. Let g(v) be the first derivative of 2*v**3/3 - 13*v**2/2 - 7*v - 12. What is the remainder when g(x) is divided by 5?
3
Suppose -60*f + 85534 = -40406. What is the remainder when f is divided by 15?
14
Suppose 4*o = 8*o - 176. Suppose 4*b + 3*w = 48, 5*b + w - 4*w = 33. Calculate the remainder when o is divided by b.
8
Suppose 0 = -116*w + 266121 + 886914 + 5805. What is the remainder when w is divided by 3328?
6
Suppose -3*y - n + 356 = 87, -4*n = 4. Calculate the remainder when y is divided by (48/72)/(6/207).
21
Let p = 18720 - 18545. What is the remainder when p is divided by 148?
27
Suppose 6*w + 25 = 2*i + 9*w, -3*i + 44 = -2*w. Calculate the remainder when (2/10)/(i/(-28))*-205 is divided by 31.
20
Let s = 33 - -34. Calculate the remainder when s is divided by ((-805)/105)/((-1)/3).
21
What is the remainder when (-1368 - -239)/(-2 + 0 + 1) is divided by 126?
121
Let z(c) = 1567*c + 1. Let k(t) = -2*t**2 + 5*t - 4. Let y be k(2). Let g be z(y). What is the remainder when g/(-39) - (-8)/(-6) is divided by 12?
7
Let h(b) = 8*b - 246. What is the remainder when h(37) is divided by (45/(-12) - -2)*-8?
8
Suppose 0 = 5*j + 4*q - 322, -5*j = -4*q + 2*q - 334. What is the remainder when j is divided by 21 - 14 - -5 - (30 - 23)?
1
Let y = 172 + -71. Let x = -3 + 1. Let g(a) = 9*a**2 + 6*a + 2. Calculate the remainder when y is divided by g(x).
23
Let o(m) = -2*m - 17. Let z(p) = 5*p + 34. Let k(x) = -9*o(x) - 4*z(x). Calculate the remainder when k(-26) is divided by 10.
9
Suppose 19*n - 101802 + 15276 = 0. Calculate the remainder when n is divided by 19.
13
Let f be 20/40*(760 - -2). Let p = 640 - f. Calculate the remainder when p is divided by 79.
22
Let b = 1401 - 1358. Calculate the remainder when b is divided by 11.
10
Let u(i) = i**3 + 30*i**2 + 143*i - 6. Calculate the remainder when u(-7) is divided by 74.
46
Suppose -4*m + 3*m + 5*b = -19, -3*m + 2*b = -57. Suppose -5*v = 2*o - m - 8, -o = -2*v + 9. Calculate the remainder when v is divided by 5.
0
Suppose v + 241 = -m, -5*v = m - 65 + 286. Let b = 275 + m. Calculate the remainder when 49 is divided by b.
20
Let b(z) = 20*z**2 - 78*z - 269. Calculate the remainder when 12467 is divided by b(-3).
142
Let m = -1026 + 1050. Calculate the remainder when 2062 is divided by m.
22
What is the remainder when 996 is divided by ((-46)/10)/(5 - (-260)/(-50))?
7
Let b(l) = -l**3 + 22*l**2 - 35*l - 14. Calculate the remainder when 218 is divided by b(20).
46
Suppose -11*l = -0*l - 27148 + 836. What is the remainder when l is divided by 14?
12
Let j be 24/(-4)*28/(-6). Suppose 5*f = -2*u + j, -3*f + 7*f - 23 = -u. Let c = -40 + 59. What is the remainder when c is divided by f?
1
Let t be (48/6)/((-1)/16). Let u = -29 - t. Let k(d) = 2*d**2 - 11*d - 13. What is the remainder when u is divided by k(-2)?
14
Let r = -23238 - -23298. What is the remainder when 2211 is divided by r?
51
Let l(o) be the third derivative of -o**4/6 + 25*o**3/6 - 7*o**2. Let h = 96 + -93. Calculate the remainder when 49 is divided by l(h).
10
Suppose 0 = -5*z + 83 - 8. Suppose 4*o = h - 14, -4*h - z*o = -10*o - 14. What is the remainder when 40 is divided by h?
4
Let u be (249 - 15) + 2/2. Suppose -18*v + 89 + u = 0. Calculate the remainder when 71 is divided by v.
17
Suppose 23*y - 2055 = 8*y. Let q = y + -107. What is the remainder when 176 is divided by q?
26
Suppose 0 = -18*z + 16*z + 10. Suppose -4*x + 4*r + 445 = 145, z*x + 4*r - 375 = 0. Suppose -x - 45 = -4*d. What is the remainder when 86 is divided by d?
26
Let z = -45 + 48. Suppose -k - 4*a + 0*a + 45 = 0, 4*k - 199 = z*a. Suppose -4*m + k = 4*c + c, 5*m - 3*c = 89. Calculate the remainder when 31 is divided by m.
15
Let j(h) = -2*h**2 - 26*h - 31. Let p be j(-10). Suppose p*c + 320 = 2495. What is the remainder when c is divided by 15?
0
Let h(p) = -13*p + 324. Let t be h(11). Suppose 21*w - 134 = t. What is the remainder when (-2 + 4 - 1)*132 is divided by w?
12
Suppose 2*l - 3*h - 14 = 14, h + 46 = 4*l. Suppose -138 = 5*p - l*p. Calculate the remainder when 90 is divided by p.
21
Let s be (48/(-10))/((-15)/(-50)). Let g = -3 - s. Suppose 3*l = -l - 5*d + 53, 4*l + 4*d = 48. What is the remainder when g is divided by l?
6
Calculate the remainder when -1 + 4 + -3 - (28224/4)/(-14) is divided by 19.
10
Let m = -5 + 5. Let p(a) = -a + 98. Let u(v) = v**2 - v - 30. Calculate the remainder when p(m) is divided by u(8).
20
Let m(i) = -2*i**3 + 52*i**2 - 62*i + 1684. Suppose 0 = -4*t + 5*t + 5*o - 28, 4*o = -t + 30. Calculate the remainder when m(26) is divided by t.
34
Let a(w) = 13*w**2 - 5*w + 1. Suppose -64 = -12*p + 8. Calculate the remainder when a(p) is divided by 26.
23
Let s = -529 + 632. Let a = -9 + 12. Suppose 5*m - a*y - 66 = 27, -m - 2*y + 29 = 0. Calculate the remainder when s is divided by m.
19
Let n(a) = -a - 35. Let h be n(-37). Suppose 5*o - r - 82 = 0, r = h*r - 3. Calculate the remainder when -47*(-1)/(3 + -2) is divided by o.
13
Suppose -v = 5*r + 287, -3*r + 2*v + 3*v = 189. Let w = r - -168. Suppose 0 = -5*m + 10*m - w. What is the remainder when 83 is divided by m?
17
Suppose 0*a - 2247 + 559 = -8*a. Calculate the remainder when a is divided by 32.
19
Let j = -47 + 47. Let m be 4/10 - (18/(-5) + j). Suppose m*o = 2*o - c + 25, 4*o = -4*c + 40. Calculate the remainder when o is divided by 6.
3
Suppose 4*c + 28 = -20. Let k(y) = -11*y**2 + 600 - 1248 + 14*y + y**2 - y**3 + 624. What is the remainder when k(c) is divided by 25?
21
Let f = -3129 + 3150. Calculate the remainder when f is divided by 15.
6
Calculate the remainder when 555 is divided by ((-560)/(-56))/(((-30)/(-153))/5).
45
Let m(j) =